{"id":6,"date":"2017-09-01T13:44:29","date_gmt":"2017-09-01T13:44:29","guid":{"rendered":"https:\/\/voller-ernst.de\/?page_id=2"},"modified":"2020-04-08T14:49:09","modified_gmt":"2020-04-08T14:49:09","slug":"sample-page-2","status":"publish","type":"page","link":"https:\/\/voller-ernst.de\/","title":{"rendered":"Bildersuche"},"content":{"rendered":"<form action=\"https:\/\/voller-ernst.de\/voller-ernst\/searchVE.jsf\">Voller Ernst besitzt weltweit die gr\u00f6\u00dfte Sammlung komischer und skurriler Fotos. Wir w\u00fcnschen viel Spa\u00df beim Suchen.&nbsp;<\/p>\n<table>\n<tbody>\n<tr>\n<td><input name=\"searchString\" type=\"text\"><\/td>\n<td><input type=\"submit\" value=\"Suche\"><\/td>\n<\/tr>\n<\/tbody>\n<\/table>\n<\/form>\n<p>&nbsp;<\/p>\n<p>&nbsp;<\/p>\n<p>&nbsp;<\/p>\n","protected":false},"excerpt":{"rendered":"<p>Voller Ernst besitzt weltweit die gr\u00f6\u00dfte Sammlung komischer und skurriler Fotos. Wir w\u00fcnschen viel Spa\u00df beim Suchen.&nbsp; &nbsp; &nbsp; &nbsp;<\/p>\n","protected":false},"author":2,"featured_media":0,"parent":0,"menu_order":0,"comment_status":"closed","ping_status":"open","template":"","meta":{"footnotes":""},"class_list":["post-6","page","type-page","status-publish","hentry"],"_links":{"self":[{"href":"https:\/\/voller-ernst.de\/index.php?rest_route=\/wp\/v2\/pages\/6","targetHints":{"allow":["GET"]}}],"collection":[{"href":"https:\/\/voller-ernst.de\/index.php?rest_route=\/wp\/v2\/pages"}],"about":[{"href":"https:\/\/voller-ernst.de\/index.php?rest_route=\/wp\/v2\/types\/page"}],"author":[{"embeddable":true,"href":"https:\/\/voller-ernst.de\/index.php?rest_route=\/wp\/v2\/users\/2"}],"replies":[{"embeddable":true,"href":"https:\/\/voller-ernst.de\/index.php?rest_route=%2Fwp%2Fv2%2Fcomments&post=6"}],"version-history":[{"count":2,"href":"https:\/\/voller-ernst.de\/index.php?rest_route=\/wp\/v2\/pages\/6\/revisions"}],"predecessor-version":[{"id":72,"href":"https:\/\/voller-ernst.de\/index.php?rest_route=\/wp\/v2\/pages\/6\/revisions\/72"}],"wp:attachment":[{"href":"https:\/\/voller-ernst.de\/index.php?rest_route=%2Fwp%2Fv2%2Fmedia&parent=6"}],"curies":[{"name":"wp","href":"https:\/\/api.w.org\/{rel}","templated":true}]}}